 = t*w(s) - r(s). Determine i(2).
-3
Let h be 0/((-3 - -4) + -3)*1. Let g(z) = -4*z**2 + 114*z**3 - 50*z**3 + z + 1 - 63*z**3 + 4*z**2. Calculate g(h).
1
Let v(w) = -w**2 - 2*w. Let d(g) = -g**3 - 11*g**2 - 13*g - 5. Let r(b) = -d(b) + 6*v(b). Suppose -7*o = 32 + 3. Determine r(o).
0
Let x(m) = m**2 + 2*m + 1. Let z(b) = 4*b - 44. Let n be z(5). Let j be (-10 + 3 - -3)/(n/6). Suppose -f = d + 6 - j, 0 = -3*f - 2*d - 14. Calculate x(f).
9
Let x(b) be the first derivative of -5*b - 231 - 1/4*b**4 - b**3 + 2*b**2. Give x(-4).
-5
Let w(t) = 9*t + 1. Let m(u) = 37*u + 32. Let k(o) = m(o) - 5*w(o). Calculate k(3).
3
Let n(o) = 2*o**2 - 6*o + 4. Let b be n(-2). Suppose 0 = 9*y - 12*y - b. Let t(l) = -l**2 - 9*l + 11. Give t(y).
19
Let u(g) = g**2 - 34*g - 65. Let d(b) = 3*b**2 - 96*b - 130. Let c(h) = 2*d(h) - 5*u(h). Determine c(19).
8
Suppose -2*v - 7*q + 11*q = -42, -v + 22 = -q. Let j(i) = -i + 25*i + 14 - v*i. What is j(-19)?
-5
Let o = -342 + 393. Suppose 71*m = 88*m - o. Let j(c) = c**2 - 4*c + 6. Determine j(m).
3
Let m(u) = -3*u**2 + 2*u - 1. Suppose 4*d - 12 = 0, 4*d = 2*z + 2*d + 822. Let i = z - -409. Calculate m(i).
-2
Let v(i) = -i + 2. Let q(r) be the second derivative of r**3/3 - 4*r**2 + 179*r. Let c(o) = 3*q(o) + 8*v(o). Calculate c(-8).
8
Suppose -25 = -5*a + 5*t, 2 = 5*a + t - 35. Let j(x) = -3 + 2*x - x - 4. Let g be j(a). Let w(b) = b**2 + b - 7. Give w(g).
-7
Let m(c) = 7*c**3 + 7*c + 7. Suppose -11*f - 214 + 203 = 0. Calculate m(f).
-7
Let j(d) = 69*d - 1461. Let p be j(21). Let k(b) = -b - 5 - 11 - 7 + 7 + b**3 + 12*b**2. What is k(p)?
-4
Let y(n) = -n**2 + 4*n + 26. Let a be y(7). Suppose a*m - 2*s = 3*m - 106, 4*m + 217 = -s. Let c = 58 + m. Let j(g) = -g**3 + 4*g**2 - 3*g - 3. What is j(c)?
-15
Let u = 9527 + -9513. Let j(a) = -2*a**2 + 27*a + 12. Determine j(u).
-2
Let v be (17 - 15)*(10/12 + (-2)/6). Let p(l) = -36*l**3 + l**2 + 2*l - 3. What is p(v)?
-36
Let y(f) be the third derivative of f**6/360 - f**5/120 - f**4/24 + 49*f**3/3 - 2*f**2 + f. Let o(l) be the first derivative of y(l). Determine o(-4).
19
Let v(j) be the third derivative of -j**4/24 - j**3/3 - 144*j**2. Let g(y) = 4*y + 17. Let p(c) = -g(c) - 3*v(c). Determine p(-7).
-4
Let y(c) = -c + 7. Let v(n) = -8. Let x(q) = 4*v(q) + 5*y(q). Suppose 3*k + 6 = 0, 0*h = -2*h - 3*k + 162. Suppose -h = -21*o - 7*o. What is x(o)?
-12
Let n(y) = -2*y**2 + 5*y + 3. Let z be 2/(4 + 76/(-16) - (-104)/96). What is n(z)?
-39
Let v(p) = -7*p - 84. Let r be ((-805)/92)/(55/88). Give v(r).
14
Let u(n) = -323 - 4*n - n + 358. Let q be u(7). Let b(g) = g**3 + g**2 + g + 6. Give b(q).
6
Suppose 17*u = 22*u - 505. Let y = 103 - u. Let z(q) = 8*q. Give z(y).
16
Let y(o) = -5*o**2 + 5*o - 25. Let t(q) = -7*q**2 + 10*q - 26. Let v(z) = -3*t(z) + 4*y(z). Determine v(10).
-22
Let v be (90/540)/((-2)/(-3)). Let h(i) be the second derivative of v*i**4 + 0 - i**2 + 1/3*i**3 + 16*i. Give h(-2).
6
Let f(i) be the second derivative of -i**5/20 + 13*i**4/12 - 5*i**3/3 + 4*i**2 - 1431*i. Calculate f(12).
32
Let k(x) = x**3 + 8*x**2 + 8*x + 7. Let g(c) = -1. Let o = -38 - -39. Let n(j) = o*k(j) - 3*g(j). Calculate n(-7).
3
Let j(b) be the second derivative of 2*b**2 + 0 + 25*b + 1/6*b**3. Let w(l) = 4*l + 13. Let r(m) = 21*j(m) - 6*w(m). Calculate r(4).
-6
Let u(j) = 4*j**2 - 16*j + 1. Let t(g) = -3*g**2 + 8*g. Let r(o) = -5*t(o) - 3*u(o). Let v(n) = 4*n**2 + 9*n - 4. Let p(d) = 3*r(d) - 2*v(d). Give p(-6).
-1
Let g(s) = -14*s - 13*s**2 - 6 + 8*s**2 - 17*s**3 + 18*s**3. Give g(7).
-6
Let q(l) = -337*l - 296*l + 698*l + 373 + 209. Determine q(-9).
-3
Suppose 0 = 2*u + 4, 9*g - 3*u = 6*g - 330. Let w = 105 + g. Let s(c) = -c**2 - 6*c + 3. Give s(w).
-4
Let t(s) be the second derivative of -69*s + 0 - 3*s**2 + 1/3*s**3. What is t(4)?
2
Let c be 3/(-1) - (-12 + 5). Let x(z) = 3 - 5*z - 5*z**2 - 1 + c*z**2 - 5. Let p be (9 - (15 - 7))*-2. Determine x(p).
3
Let b(h) = -47*h**2 + 54*h + 69. Let j(x) = -17*x**2 + 18*x + 22. Let m(z) = -4*b(z) + 11*j(z). Determine m(21).
29
Let x(c) be the first derivative of 11*c**2/2 + 28*c - 280. Calculate x(-3).
-5
Let x(k) = 5*k + 133. Let z(i) = -i - 67. Let w(l) = -x(l) - 2*z(l). Let b = 10 + -18. Determine w(b).
25
Suppose 51*x - 402 = -300. Let f(c) = -4*c**3 + c**2 - 4. Give f(x).
-32
Let m(i) be the third derivative of i**6/120 - i**5/12 + 5*i**3/3 - i**2 - 180*i. Give m(4).
-6
Let d(y) be the second derivative of y**3/3 + 9*y**2/2 - 7*y + 12. Let f(t) = 5*t + 20. Let n(g) = -9*d(g) + 4*f(g). Give n(-3).
-7
Let m(f) be the second derivative of 3/2*f**2 - 2 + 54*f + f**3. Suppose 4*d = 4 + 8. What is m(d)?
21
Let a(q) be the first derivative of q**5/60 + q**4/4 - q**3/3 + 2. Let p(z) be the third derivative of a(z). Suppose -121*d - 1554 = 122*d + 16*d. Give p(d).
-6
Let h(f) = 23 - 7 + 1224*f - 1231*f. What is h(3)?
-5
Let j(q) = -q + 23 + 5*q - 3*q - 4*q. Let l be j(5). Suppose 0 = l*v - 5*v. Let a(s) = s**3 + 13. What is a(v)?
13
Let t(u) = u**3 + 18*u**2 + 2*u + 39. Let o be t(-18). Let j(r) = -2*r**2 - 3 + 5 - r + o - 6. Calculate j(2).
-11
Let m(t) = -t**3 - 17*t**2 - 5*t - 28. Let i be m(-13). Let n = i + 620. Let r(b) = b**2 + 18*b - 23. Determine r(n).
-4
Let j(v) = v**3 - 30*v**2 + 3*v - 59. Let k be j(30). Let p(t) = 28 - 53 + 4*t + k. Give p(-4).
-10
Let z be (-6)/45 - (-112)/(-60). Let t(s) = s**3 + 4*s**2 + 2*s - 3. Let h be t(z). Let p(w) be the third derivative of w**4/6 - w**3/6 + 2*w**2. Give p(h).
3
Let f(x) = -x**3 - 6*x**2 + 3*x + 39. Let a(r) = -2*r**2 - 90*r - 92. Let z be a(-44). Determine f(z).
-5
Let u be 6*((-3)/10 + (-13)/390). Let a(l) be the third derivative of l**6/120 + l**5/12 + l**4/24 + l**3/6 - 14*l**2. Calculate a(u).
11
Suppose -2*n + 5 = i, 4*n - 17 = 2*i + 13. Let q(j) = -4*j**2 - 7 - j**3 - 34*j - 36*j + 4 + 75*j - 3. Calculate q(i).
-6
Suppose 4*c = c + 18. Suppose 10*b = 12*b - c. Suppose d = 5*h - 2*h + 26, b*h + 34 = 5*d. Let w(s) = -s**2 - 8*s + 9. Calculate w(h).
9
Let y be (14 - -5) + (-5)/(5/(-4)). Let m(a) = -3*a + y*a - 6*a + 22*a. Determine m(1).
36
Suppose -6*o + 995 = 1205. Let l(d) = d**2 + 36*d + 31. Give l(o).
-4
Let k(o) be the third derivative of -2*o**2 + 1/2*o**3 + 1/12*o**4 + 20*o + 0. Determine k(-2).
-1
Suppose 3*c + 15 - 5 = -17. Let f(g) = 19*g + 180. What is f(c)?
9
Let u(z) = -6*z + 291. Let v be u(27). Let b(x) = -7*x + 7 + 271*x**2 - 141*x**2 + 1 - v*x**2. Let m be (-2)/(-3) - (-16)/3. What is b(m)?
2
Let k = -2231 + 2233. Let f(t) be the first derivative of t**4/4 - t**3/3 - t**2 + 3*t - 4. Determine f(k).
3
Let g(l) = 224*l**3 + 19*l**2 - 5*l - 14. Let w(u) = 45*u**3 + 2*u**2 - u - 1. Let t(s) = -g(s) + 5*w(s). Let k(d) = -d + 16. Let r be k(7). Calculate t(r).
9
Let i(a) = -a - 2. Let l be (6 + -1)/(-5) + 4. Suppose m = -5*t - 19, l*m - 3*t + 11 = -2*m. Determine i(m).
2
Suppose 12 = -4*p - 20. Suppose 212*b - 3 = 209*b. Let y(f) = 4 - b + 14*f**2 - 15*f**2 - 6*f. What is y(p)?
-13
Let m(u) = 4*u - 10. Let a(w) = -w. Let q(g) = 4*a(g) - m(g). Let v = -16289 + 16292. What is q(v)?
-14
Suppose x - 17 = 3*s, s + 6 = 1. Let b(c) = 4*c**2 + 598*c - 5*c**x - 602*c - 4. Calculate b(-5).
-9
Suppose -232*y - 1681 = 871. Let r(k) = -15*k - 161. Determine r(y).
4
Suppose -4*t - 9 = -5*q - 0*t, 0 = -5*q + 3*t + 13. Let o(g) = -23 + q*g + g + 16*g**2 + 27 - 17*g**2. Calculate o(9).
-23
Let s(r) = 4*r - 61. Let m = -2748 - -2758. What is s(m)?
-21
Let u = -5195 + 5198. Let c(a) be the third derivative of 13*a**2 - 1/6*a**u + 0 + 1/8*a**4 + 0*a + 1/60*a**5. Determine c(-4).
3
Let c(y) be the third derivative of -y**4/24 - 2*y**3 + 1225*y**2. What is c(-6)?
-6
Let a(w) be the second derivative of w**5/20 + 5*w**4/6 + 7*w**3/3 + 19*w**2/2 - w + 461. Calculate a(-9).
-26
Let w(h) = 3691*h + 33211. Let g be w(-9). Let b(f) be the third derivative of -f**6/120 - 3*f**5/20 - f**4/4 - 7*f**3/6 - f**2. Give b(g).
-23
Let k(p) = 7*p**3. Let z(u) = -2*u**2 + 26*u + 29. Let a be 2/7 - 52/(-14). Suppose 0 = -2*i - i + 4*w + 54, a*w = -2*i + 16. Let x be z(i). Give k(x).
7
Let q(p) = -88*p - 1. Let z(y) = -9*y. Let v(j) = -q(j) + 8*z(j). Suppose 0 = -2*o + 2, 0*l + l + 4*o - 5 = 0. Give v(l).
17
Let j(v) = -v**3 + 15*v**2 + 33*v + 10. Let g = -3504 + 3521. What is j(g)?
-7
Suppose 225*h - 9 = 231*h - 21. Let g(x